- y**2 + 0*y**2 - 2*y. Determine k(g).
5
Let b(d) = d - 1. Let i be b(-2). Let c = -7 - i. Let y(p) = p + 1. Determine y(c).
-3
Let n(t) = -5*t**2 - 2. Let q(a) = 11*a**2 - a + 4. Suppose 4*d = -l + 38, -l - 15 = -2*d + 1. Let u(y) = d*n(y) + 4*q(y). Suppose 3*o = 7*o + 16. What is u(o)?
-2
Let b(z) be the first derivative of z**4/4 - 10*z**3/3 + 4*z**2 + 4*z + 20. Calculate b(9).
-5
Let k(u) = -2*u + 8. Let w = -32 - -39. Determine k(w).
-6
Let g(d) = 0*d + 8*d**3 + 0*d**2 - d**2 - d. Give g(-1).
-8
Let a be -2 + 8 + 6/3. Let c = a + -3. Suppose -c*o = 3*w + 4, 3*o + w - 2 = -2*o. Let t(v) = 4*v - 1. Calculate t(o).
3
Let y(a) = -2*a + 7. Let s(t) = -t**2 + 3*t + 5. Let n be s(4). Let u(i) = i - n + 4*i - 5 - 15. Let p(l) = -3*u(l) - 8*y(l). Determine p(-3).
4
Let g(y) be the second derivative of y + 0*y**4 + 0 + 0*y**3 + 1/2*y**2 - 1/20*y**5. Determine g(1).
0
Suppose 3*r = a - 7 - 1, -4*a = 3*r - 17. Suppose 0 = f - a*f + 16. Let g(n) = n - 4*n + 3*n**3 - 3*n**2 - f*n**3 - 2. Calculate g(-2).
0
Suppose 2*q + 2*q - 8 = 0. Let j(n) = 6. Let z(a) = -5. Let b(u) = -4*j(u) - 5*z(u). Let v(s) = s + 2. Let l(i) = q*b(i) - v(i). What is l(-4)?
4
Let d(p) = p**3 + 4 - 4*p + 3*p - 8*p**3 - 3. Determine d(1).
-7
Let g(j) be the second derivative of j**3/3 + 18*j. Determine g(1).
2
Let n(b) be the second derivative of b**4/4 + b**3/6 - b**2 - 7*b. Calculate n(-2).
8
Let a(b) = b + 2 + 0*b + 6 - 4. Let j be a(0). Let o(i) = 0*i + 1 - 2 - i**2 + j*i. Give o(5).
-6
Let r(v) = -14*v - 13*v - 9 + 28*v. Give r(7).
-2
Let v(q) = -5*q**3 + q**2 + 7*q. Let x(z) = 11*z**3 - 2*z**2 - 15*z - 1. Let m(d) = -13*v(d) - 6*x(d). Calculate m(0).
6
Let d = -62 + 64. Let m(l) = 3*l - 1. Give m(d).
5
Let c(h) = -2*h + 6. Let r(u) = -u**2 + 9*u - 4. Let l be r(7). Suppose l = z + 4*z. Suppose -4*b + n + z = -23, 0 = -3*n - 15. What is c(b)?
-4
Let x(g) = 3 + 2*g - 10 + 1. Give x(6).
6
Let a(k) = k - 5. Suppose 0 = -5*h + 2*r + 31, 2*r + 3*r + 10 = -h. Give a(h).
0
Let h(l) = l**3 - l**2 + l - 12. Suppose 0 = 12*s - 10*s. Give h(s).
-12
Let z be 1/3*1*-3. Let w(v) = 6*v**2 - 2*v - 1. Calculate w(z).
7
Let p be 4*(4/(-1))/(-4). Let h(g) = g**2 - 3. Let l be h(3). Suppose i + 2*i = -p*m - 7, l = 3*m. Let o(r) = r**3 + 6*r**2 + 5*r - 2. Determine o(i).
-2
Let s = -12 + 14. Let b(r) = 4*r - 7 - r**3 + r - 2*r**s - 3*r**2 - 4*r. Calculate b(-5).
-12
Let p(t) be the first derivative of -3 - 4/3*t**3 + 0*t**2 + 0*t + 1/120*t**5 + 1/24*t**4. Let k(d) be the third derivative of p(d). Calculate k(0).
1
Let b(w) be the first derivative of -17*w**2/2 - 7. Give b(1).
-17
Let c(g) be the third derivative of g**5/30 + g**4/24 + g**3/6 - 9*g**2. What is c(-3)?
16
Let h(s) = s**3 - 4*s**2 + 3. Let x(d) be the second derivative of -1/4*d**4 - d + 1/2*d**2 + 1/20*d**5 + 0 + 1/6*d**3. Let j be x(3). Calculate h(j).
3
Suppose 3*a + 3 = 0, -5*y + 0*a + 19 = a. Let s(x) = -2*x + 1. Let o(k) = -4*k + 2. Let v be (18/(-8))/((-2)/(-8)). Let r(n) = v*s(n) + y*o(n). Calculate r(1).
1
Let t(z) be the second derivative of -z**3/6 - 5*z**2/2 - 5*z. Give t(-7).
2
Let w = -1 + 3. Let t = -2 + w. Let l(m) = m**2 - 8. Determine l(t).
-8
Let p(h) = h**3 + 4*h**2 - 5*h - 6. Let j(u) = -u**2 + 13*u - 15. Let m be j(12). Let k be (-48)/9 - 1/m. What is p(k)?
-6
Let t(x) = 66*x - 117. Let f(w) = -5*w + 9. Let k(h) = 27*f(h) + 2*t(h). Suppose -3*i + 21 = 3*l, -l + i + 23 = 3*l. Determine k(l).
-9
Let n(b) = -2*b**3 + 4*b**2 + 7*b. Let z(c) = -c**3 - c**2 - 1. Let g(f) = -n(f) + 3*z(f). Give g(-6).
3
Let j be (-1)/2*1*8. Let b(o) = 5*o + 5. Let t(f) = f + 1. Let c(u) = b(u) - 6*t(u). Give c(j).
3
Let x(z) be the second derivative of -2*z**3/3 + z**2 + z. Suppose -2*f = -4*s - s + 12, -3*f = 3*s - 3. Determine x(s).
-6
Let a(i) = -i**2 - 4. Let x = 21 + -16. Suppose 0 = x*t - 7*t. Give a(t).
-4
Let a(r) = -r**3 + 5*r**2 - r. Let y = 20 - 15. Give a(y).
-5
Let j(b) = 9 + 4*b - b - 4*b. Suppose 34 - 10 = 4*o. Calculate j(o).
3
Let b(d) = d**3 - d**2 + d - 6. Let a = -4 + 4. Determine b(a).
-6
Let h = 11 + -7. Let b(g) = g**2 - 5*g + 6. Let i be b(h). Let v(j) = j**3 - 4*j**2 + 4*j - 3. What is v(i)?
-3
Let v(h) = 7*h**2 - 2*h - 6. Let a(s) = -16*s**2 + 4*s + 13. Let t(o) = -4*a(o) - 9*v(o). Let c(d) = -d**3 - 6*d**2 - 3. Let z be c(-6). Give t(z).
5
Let b(h) = -2 + 2*h + h**2 - h + 0*h**2. Let s be b(-3). Let z(p) be the second derivative of p**4/12 - 2*p**3/3 + 3*p**2 - 5*p. Determine z(s).
6
Let x(a) = 6*a + 2. Let b be x(0). Let l(h) = -h**3 + 3*h**2 - 2*h + 2. Calculate l(b).
2
Let f(y) = y + 502*y**2 - 257*y**2 + 5 - 252*y**2 - y**3. Determine f(-7).
-2
Suppose 4*s - 14 = -3*s. Let z = -3 - -5. Let r(k) = -3 + z*k + 2*k**s + 3 - 5*k**2. Determine r(2).
-8
Let r(v) = -v**3 + 4*v**2 - 3*v + 6. Let n be -17 - -14 - (-7)/1. Calculate r(n).
-6
Let z(g) be the first derivative of 0*g**2 + 2*g + 2 - 2/3*g**3. Calculate z(2).
-6
Let x(k) = k**2 - 6*k - 5. Let c be x(6). Let m(h) = 3*h**3 + 23*h**2 - 2*h - 23. Let s(v) = -v**3 - 8*v**2 + v + 8. Let n(w) = -3*m(w) - 8*s(w). Give n(c).
15
Suppose 2*v + 5*q = 4*q + 8, -2*q + 4 = -2*v. Let t(w) be the second derivative of -4*w**3/3 + 3*w**2/2 - 2*w. Give t(v).
-13
Let z(h) be the third derivative of 1/60*h**5 + 3*h**2 + 0*h + 3/2*h**3 - 1/6*h**4 + 0. Let b(p) = -2*p**2 + 7*p - 17. Let l(a) = 6*b(a) + 11*z(a). Give l(-2).
-3
Let p(l) = 4*l + 4. Let i(c) = 3*c + 3. Let u(b) = -5*i(b) + 4*p(b). Calculate u(-2).
-1
Suppose -3 = -15*a + 12*a. Let w(u) = 4*u. Calculate w(a).
4
Let g(w) be the first derivative of -6 + 0*w - 1/4*w**4 + 3/2*w**2 - 2/3*w**3. What is g(-3)?
0
Let v(h) = -7*h**2 - 11*h - 13. Let b(z) = 8*z**2 + 12*z + 14. Let r(s) = 6*b(s) + 7*v(s). What is r(-5)?
-7
Let j = 29 - 32. Let r(m) = m**3 + 7*m**2 - m**2 + 4*m - m**2 + 2. Give r(j).
8
Let o(w) = -w**2 + 5. Let i = 5 + -3. Suppose 5*s + 32 = -3*k - 0*s, -i*k + 8 = -4*s. Calculate o(k).
-11
Let a(u) = 2*u**2 + 6*u + 2. Let z = 31 + -35. What is a(z)?
10
Let w(y) = -2*y + y + 2*y. Determine w(9).
9
Let r(x) be the third derivative of x**5/60 + x**4/12 - 2*x**3/3 + 17*x**2. What is r(-5)?
11
Let d(a) = a**2 + a - 1. Let f(z) = 7*z**2 - 15*z + 17. Let u(o) = -4*o**2 + 8*o - 9. Let w(q) = -6*f(q) - 11*u(q). Let t(m) = -5*d(m) + 3*w(m). What is t(3)?
8
Suppose -2*p + 2 = 8. Let k(m) = -3*m**2. Suppose -2*n + 0*n - 4 = 0. Let o(z) = -7*z**2 + z - 1. Let b(w) = n*o(w) + 5*k(w). Give b(p).
-1
Suppose 0 = 3*r - 4*c + 5, -2*c - 3*c = -25. Let z(w) = -w**3 + 5*w**2 - 4. Calculate z(r).
-4
Let t be 63/14*(-2)/(-3). Let h(o) be the second derivative of 1/20*o**5 + 5/12*o**4 + o + 1/2*o**t + 0 + 1/2*o**2. Give h(-4).
5
Let q be (-4)/(-14) + 5/7. Let d = q + 2. Let w(b) = -3*b + 2. Give w(d).
-7
Let n(l) = -2*l**2 + l - 9. Let m(t) = -1. Let h be (-1)/5 - (-9)/(-5). Let p(d) = h*n(d) + 18*m(d). What is p(2)?
12
Let k(l) = l - 8. Let x(q) = 2*q**2 + 5*q + 3. Let t be x(-3). What is k(t)?
-2
Let a(k) = -k - 11. Let n be a(-15). Suppose -n*i = -2*i + 10. Let v(t) = 3*t + 4. Calculate v(i).
-11
Let m(u) = -u - 2. Suppose 3*b - 2*b = -10. Let g(i) = -i**3 - 9*i**2 + 11*i + 14. Let t be g(b). Give m(t).
-6
Let b = -12 + 9. Let l(s) be the first derivative of -s**5/20 - s**4/3 - s**3/2 - s**2 - 2*s + 1. Let y(z) be the first derivative of l(z). Give y(b).
-2
Let h(t) be the third derivative of t**4/12 - t**3/3 - 46*t**2. Give h(-3).
-8
Let p(c) = -2*c + 7. Let x be p(6). Let h(g) = g + 1. Let q(a) = a**2 + 8*a + 1. Let d(m) = -5*h(m) + q(m). Determine d(x).
6
Let r(k) = 2*k**2 - 3*k + 3. Let d(b) = -5*b**2 + 7*b - 7. Suppose 5*t - 4*v = -15 - 8, -5*t + v = 32. Let i(g) = t*r(g) - 3*d(g). Calculate i(-2).
4
Let u(k) = -2*k**3 + 5*k**2 + 7. Let i(a) = -3*a**3 + 7*a**2 + 11. Let d(v) = 5*i(v) - 8*u(v). Determine d(5).
-1
Let k(a) be the second derivative of a**7/2520 - a**6/180 - a**4/12 - 3*a. Let u(b) be the third derivative of k(b). Determine u(4).
0
Let z(c) be the second derivative of -c**4/12 + c**3 - c**2/2 + 12*c. Calculate z(5).
4
Suppose 5*g = -4*z + 40, -2*z - 3*z + 21 = -g. Let k(j) be the third derivative of -1/120*j**6 - 1/6*j**4 - 3*j**2 + 0*j + 0 + 1/12*j**5 + j**3. What is k(g)?
6
Let c(u) = -u**3 - u**2 - u - 5. Suppose 7*q = 3*q. Give c(q).
-5
Suppose 3*s - 23 - 7 = 0. Suppose 4*d - 26 = -s. Let g(q) = -q + 2. Wha